240*m + 1. Let k(z) = c(z) - 6*s(z). Is k(3) a composite number?
True
Let g(c) be the second derivative of 2123*c**4/12 - 4*c**3/3 + 27*c**2/2 - 173*c + 1. Is g(4) composite?
True
Let i(f) = -f**3 + 4*f**2 + 14*f - 8. Let q be i(6). Suppose -s - 3022 = -3*o, 3*o - q*s = o + 2028. Is o composite?
True
Let y(l) = 23*l**2 - 48*l - 1362. Is y(-31) a prime number?
True
Is (5/(-15)*164291)/((96/(-8))/180) a composite number?
True
Let d = 603 - 516. Suppose -104*v + 67031 = -d*v. Is v a composite number?
False
Let f(h) = 239*h**2 + 69*h - 1. Is f(7) a prime number?
False
Suppose -6 = c - 2*j - 0, -5*j + 15 = 5*c. Suppose 2*f - 514 - 3312 = c. Is f a prime number?
True
Let b(j) = -16*j + 12. Let i be b(4). Let d = i - -53. Is 40 - (-1 - d)/(-2) a prime number?
False
Suppose -5*n - 2*r + 2932 = 0, n - 9*r - 584 = -10*r. Let j = n - 209. Is j prime?
True
Suppose 53 = 3*z - g, 5*z - 32 = -3*g + 33. Let b(k) = -21*k**2 + 269*k + 23 - 247*k + k**3 + 10*k**2. Is b(z) a composite number?
True
Is 3/(159/21 - 8)*(-3506)/14 composite?
False
Suppose -4*l = 40 + 388. Let h = 220 + l. Suppose -3*n = h - 440. Is n composite?
False
Suppose 7*j - 33333972 = -77*j. Is j a composite number?
False
Let f(y) = y**3 + 9*y**2 + 5*y - 7. Let j be (30/25)/((-6)/(-20)). Suppose -5*s + j*s = -4. Is f(s) a composite number?
True
Let w be (-2)/4 + (-92)/(-8) + 0. Suppose 0 = -w*j + 2*j + 37548. Let y = j + -2325. Is y prime?
True
Suppose -4*v - 4*h + 4 = 0, 3*v + 7 = 2*v - 3*h. Let k(z) be the second derivative of z**4 + 2*z**3/3 - 25*z**2/2 + 236*z. Is k(v) prime?
False
Suppose x = 2*j - 152184, 3*x - 304358 = -69*j + 65*j. Is j a composite number?
False
Let x(i) = 52*i + 15. Suppose -8 = 4*q - 5*j + 2*j, -j + 7 = 3*q. Suppose m - 4*d = -q, -5*m + 2*d = 10 - 59. Is x(m) a composite number?
False
Suppose -1651 = -4*v + 7965. Suppose -2*i = -2*z - v, z + 1419 = -5*i + 7453. Suppose 2*h - 2350 = -4*s + i, -3*s + 5*h + 2641 = 0. Is s composite?
False
Let n(y) = 98*y - 55. Let s(h) = 198*h - 111. Let f(l) = 5*n(l) - 2*s(l). Is f(18) a prime number?
False
Suppose 130*m - 39*m = -162*m + 76426999. Is m prime?
False
Suppose 3*z - u = u + 8206, -5*z + 2*u + 13682 = 0. Suppose -20 = 4*v - 0*v, -i - v = -z. Is i composite?
True
Is (-4)/(-32) - 1/((280/1365889)/(-5)) composite?
False
Is 955531665/3927 - (-3)/((-1)/(8/42)) prime?
False
Let a = 34845 - -788. Is a a prime number?
False
Suppose 219*y - 1266328 = 211*y. Is y prime?
False
Suppose -13*d + 284 + 171 = 0. Suppose 0 = 26*q - d*q + 41589. Is q a prime number?
True
Is (18/(-48))/(-2 + (-85)/(-40)) + 410744 a prime number?
True
Is (-6)/(-3)*(-41 - -54)*(-38039)/(-2) composite?
True
Let a be 6 + -13 - -55202 - 6. Let q = 79978 - a. Is q composite?
True
Suppose 11 = -2*o + u - 4*u, -4*u - 10 = -2*o. Is o/((5 + -2)/(-531)) prime?
False
Let q be (-14)/(-3)*(-2913 - 18). Let s = -7265 - q. Let j = s - 3550. Is j composite?
True
Let n(h) = h**2 - 9*h + 2. Suppose -63 = 4*y - 99. Let z be n(y). Suppose -3*q - 2*s + 35 = -240, 8 = z*s. Is q prime?
True
Let x = 45 + -53. Let a be (-58)/x*4 + -2. Suppose z - 84 = -a. Is z composite?
True
Let b = 51383 - -187230. Is b prime?
False
Let d be 19/5 - (-2)/10. Let t be (-12)/(-15)*10/d. Suppose -2*w = 3*v - 0*v - 65, -73 = -t*w + 5*v. Is w a prime number?
False
Suppose 59 - 192 = 7*s. Let u(w) = -w**3 - 18*w**2 + 22*w + 46. Let j be u(s). Let p(v) = v**2 - 25*v + 15. Is p(j) prime?
False
Let c(k) = 4*k**2 - 14*k - 13. Let l be c(-1). Suppose w - 235 = -4*w + l*d, -4*d = 16. Is w prime?
True
Let v = 20 + -18. Let n be 0/v - 11522/(-7). Suppose 4*l - 3*c - 6539 = 0, -l + n = 3*c - 0*c. Is l composite?
False
Let m be (-13 - 297/(-22)) + 19/(-2). Let q(s) = -483*s + 142. Is q(m) composite?
True
Is -11 + 15 + (113435 - (6 + -10)) prime?
False
Let t = -31 - -33. Suppose -t*m + 310 = 4*u - u, 4*u = 4*m + 420. Suppose -4*g + 972 = -u. Is g a composite number?
False
Let y = -137308 - -2344307. Is y a composite number?
False
Let c(w) = 78*w**2 - 62*w - 13. Suppose 2*h = -4*r - 40, 82*h = 84*h - 4*r. Is c(h) prime?
False
Let p(g) = 145*g**2 - g + 2. Let x be p(4). Suppose 3*y = -4*n - x, -7*y - n - 3095 = -3*y. Let v = -487 - y. Is v a prime number?
False
Let i = -4 + -4. Let x be -18*(-5)/40 - (-2)/i. Suppose -4*u = 3*l - 771, -2*u - 512 = -x*l - 4*u. Is l prime?
False
Let d = -31 - -54. Suppose -4*b - d = -3*y, 5*b + 2*y + 1 + 45 = 0. Is (-337*(-2)/b)/((-6)/72) prime?
False
Let z(p) = 189*p + 79741. Is z(0) a prime number?
False
Suppose 2*h = -4, -14*c - 82 = -17*c - 4*h. Let f be (1/(-2))/(2/133944). Is (20/c)/((-4)/f) a prime number?
True
Suppose 23 = -20*v - 177. Is (v/(-15))/(2/753) prime?
True
Let h = -50 + 41. Let a be (-3)/h - 70/(-15). Suppose -883 = -t + 5*f, -a*t - 5*f = -0*f - 4295. Is t a composite number?
False
Suppose -165900 = -24*g + 1138668. Is (-2)/((-6)/g - 0) a prime number?
True
Suppose -2*j + 33 = -3*w, 0 = -2*j - j - 3*w + 87. Suppose -j*g = -17*g - 17507. Is g composite?
True
Suppose 0 = -4*b + 3*w - 2 + 15, 2*b = -4*w + 12. Suppose -2*g = b*i - 8558, 3*g - 2*i = 3*i + 12793. Is g prime?
True
Let o(m) = 239*m + 316. Let u(c) = 8*c - 1. Let z(x) = -o(x) - 5*u(x). Is z(-18) a prime number?
False
Suppose -4*n + 282008 = 5*s, -4*s = -7*s - 12. Suppose -n + 22602 = -3*o - 4*i, -3*i = -5*o + 79861. Is o a prime number?
True
Suppose 0 = -3*z + 5*s + 13, 9*z = 8*z - 5*s + 11. Let w(x) = 29*x**3 + 7*x**2 + 5. Is w(z) prime?
True
Let j = 42967 + 88236. Is j a composite number?
False
Is (272/(-51) + 5)/((-1)/531501) prime?
True
Let t be 6/4 - -4*4/(-32). Suppose -10*i - t + 1 = 0. Suppose i = -6*a + 7*a - 259. Is a prime?
False
Suppose 20*r - 93 = 7. Suppose 3*l + r*b - 10046 = 0, 0*b + 13392 = 4*l + 4*b. Is l composite?
False
Is 101858*(1 - -1) - 73/(1387/57) prime?
True
Suppose -p + x = -111553, 5*x = 3*p - 50611 - 284048. Is p a composite number?
True
Suppose -4*q = -12, 4*b - b = -4*q - 48. Let s be ((-368)/(-3))/(b/330). Let j = -1375 - s. Is j a prime number?
False
Let h be (0 - 2) + -14 + (8 - 6). Let g(u) = -u**2 - 12*u + 32. Let c be g(h). Suppose -2*n = c*x - 576, 3*x + 2*x + 5*n = 715. Is x composite?
True
Let q(t) = -784*t**2 - 8*t - 1. Let s(d) = -1. Let l(g) = -q(g) + 6*s(g). Is l(4) a composite number?
True
Suppose -2*t + 4 + 6 = 0, -4*b = t - 28957. Let c = 16531 - b. Is c composite?
False
Let u = 20934 + -691. Is u composite?
True
Let u(o) = 330*o + 85. Let c(w) = -7*w**2 - 42*w + 4. Let j be c(-5). Is u(j) composite?
True
Suppose 0 = -7*x + 33 - 5. Suppose -z - x*n + 3447 = 0, -3*z + n + 10276 = -0*n. Is z composite?
True
Let m be ((-16)/(-10))/(-6*3/(-45)). Suppose 115 = m*q - 93. Let b = q + 45. Is b prime?
True
Suppose 2*h - 2*r = 10, -41*h + 37*h = 4*r - 76. Let b be (-179509)/3 + 1/3. Is ((b/h)/7)/(2/(-6)) prime?
True
Is -1 + (-12 + 210/24)*-332088 a composite number?
True
Suppose -4*h = 2*c - 5181 - 501, 4*h - 2*c = 5678. Let f = h - -8187. Is f a prime number?
False
Let o(i) = -i**2 - 11*i - 8. Let x(m) = -2*m**2 - 6*m - 2. Let f be x(-4). Let n be o(f). Suppose -5*v + 3843 = -n*v + 2*d, -4*d = 4*v - 5120. Is v composite?
False
Let r(z) = 167*z**2 + 10*z + 2. Let b be r(-2). Let f = b - -569. Is f prime?
False
Suppose -4*t + 481 = -3*j, -625 = 14*t - 19*t - j. Is 1836820/t - (-8)/(-124) composite?
False
Suppose 2*f = 3*v + f + 21, -2*f - 22 = 2*v. Let c(i) = i**2 + 5*i - 20. Let o be c(v). Suppose -o = b - 0, -3*n + 1009 = -b. Is n prime?
False
Let k be ((-9)/9)/((-3)/15). Suppose 0 = 2*a - 3 - k. Suppose -2*m = -m - a*p - 93, -p = -4*m + 387. Is m composite?
False
Let n = 7247 - 14352. Let p = 11438 + n. Is p composite?
True
Let w = 13 - -161. Let l = -8223 + 8744. Let m = l - w. Is m a composite number?
False
Suppose 4*r - 167 = -127. Suppose -38*v = -43*v + r. Suppose a = -2*a - m + 4274, v*a - 2861 = -3*m. Is a composite?
False
Let n be (-71)/(-781) - 6480/11. Let t = n - -998. Is t a prime number?
True
Let j = 78822 - -90781. Is j prime?
False
Let p = 325 - 320. Suppose 4*g + c - 3671 = 2*g, -p*c - 9170 = -5*g. Is g a composite number?
True
Let f(l) = 376*l**2 - 371*l + 6073. Is f(18) a composite number?
True
Suppose -2*r = -2*a + 33518, 5*r = 2*a - 25040 - 8490. Suppose a = -35*h + 50*h. Is h composite?
False
Let k(a) be the third derivative of 707*a**4/24 - 119*